 Let q(n) = r*h(n) + 3*m(n). Let f be 4/(-14) - (-48)/21. What is q(f)?
5
Suppose 0*k + 5 = 3*k + 5*o, -1 = -k - o. Suppose k = 3*s + 2*s. Let g(u) = -u**2 - u - 6. What is g(s)?
-6
Let y(t) = t**3 - t**2 - t + 4. Let l be y(0). Suppose 3*o - 17 = l. Suppose -4*j + 13 = h, 0 = -o*j + 3*j + 4*h + 8. Let n(u) = u**2 - 5*u + 2. What is n(j)?
-4
Let r(f) be the first derivative of f**2/2 - 10. Calculate r(-4).
-4
Let p(k) = -k - k + 3*k + 9*k**2. What is p(1)?
10
Let m(g) be the first derivative of g**3/3 - 5*g**2 - 2*g - 39. Determine m(10).
-2
Let d(l) = -l**3 - l**2 + 5*l + 5. Let b be d(-2). Let r(c) = 2*c**2. What is r(b)?
2
Let t(i) = i**2 - 3*i + 3. Let o(b) = b. Let w(n) = 3*o(n) - t(n). Let v be w(2). Let m(u) = v*u + u + u**2 + 0*u + 5. Give m(-5).
0
Let w(k) be the first derivative of 3*k**2/2 - 2*k - 1. Suppose 3*q + 3*l + 12 = -15, -4*q = -4*l + 12. Let j be (2 + q)*1/(-2). Determine w(j).
4
Let v(f) = 2*f**2 - 8*f + 4. Let h(d) = d + 5. Let k be h(0). What is v(k)?
14
Let f be 8/28 - 23/7. Let c(i) = -i**2 + 2. Give c(f).
-7
Let p(j) be the first derivative of j**6/120 - j**5/15 + j**4/8 - 2*j**3/3 - j**2 - 3. Let r(y) be the second derivative of p(y). What is r(3)?
-4
Let c(w) = 12*w. Suppose 0 = -5*n + 21 - 1. Suppose -l + 2*l - 5 = -2*r, -l + 5*r + 5 = 0. Suppose n*a - l + 1 = 0. Calculate c(a).
12
Let g(t) = -t**3 - 10*t**2 - 10*t - 1. Let x be 188/(-20) + (-2)/(-5). Determine g(x).
8
Let j(f) be the third derivative of f**5/20 - f**4/12 - f**3/3 - 16*f**2. Give j(2).
6
Suppose 13 = 5*l - 7. Let g(j) = -j**3 + 3*j**2 + 4*j - 3. Calculate g(l).
-3
Let c(f) = -5*f + 2. Let a = -5 + 9. Let n(s) = 5 + 0 - a*s - 1 - 2. Let y(l) = 5*c(l) - 6*n(l). Give y(-4).
2
Let c be 10/(-2) + -1 - -2. Let o(z) be the third derivative of z**7/2520 + z**6/144 - z**5/60 - 5*z**2. Let d(t) be the third derivative of o(t). What is d(c)?
-3
Let i(c) be the first derivative of -c**2/2 + 5*c - 15. Determine i(-5).
10
Let t(x) = -11*x + 2. Let q(g) = -6*g + 1. Let b(h) = -10*q(h) + 6*t(h). Calculate b(2).
-10
Let r(a) be the first derivative of 11 + 1/4*a**4 + 1/2*a**2 + a - 5/3*a**3. Determine r(5).
6
Let h(v) be the first derivative of v**6/360 + v**5/24 - v**3 - 4. Let d(b) be the third derivative of h(b). Determine d(-4).
-4
Let q(c) be the first derivative of c**2 + 4*c + 1. Let r(o) = -o + 1. Let s(h) = -q(h) + 2*r(h). Let j = -13 + 11. Determine s(j).
6
Let c(l) = l**2 + l + 3*l**2 + l**2. Let z be c(-1). Suppose z*q + 30 = -5*w - 0, -5*q + 2*w - 21 = 0. Let n(t) = -2*t - 4. Determine n(q).
6
Let a(v) = -1 + 0 + 7*v**2 + v + v. Suppose -7 = -4*m - 2*t + 1, -3*m + 3*t - 3 = 0. Determine a(m).
8
Let l(a) = a**3 + 2. Let t(i) = -3*i - 2. Let x be t(0). Give l(x).
-6
Suppose -2*c - 1 = 5. Let v(p) = p**3 + 4*p**2 + 2*p - 4. What is v(c)?
-1
Let x(u) = u**3. Suppose 3*f - 2 + 5 = 0. Let p be x(f). Let g(z) = -8*z**2 - z - 1. Determine g(p).
-8
Let s(j) = -8*j - 3. Let p be 6*(-3)/9*1. Calculate s(p).
13
Let y(v) = -v**3 + 3*v**2 + v - 4. Let u be -2 + 2 - (-6)/2. Determine y(u).
-1
Suppose -2*c - 16 = -6*c. Suppose k - 3 = -4*w + c*k, -2*w - 2*k - 16 = 0. Let v(n) = -n - 3. Calculate v(w).
0
Suppose -21 = -u - 4*v, 9*u - 4*u - 2*v - 83 = 0. Suppose u = 5*x - 3. Let l(a) = 2*a - 4. Determine l(x).
4
Let v(g) = -3*g - 10 + 2*g + 18. What is v(0)?
8
Suppose 24 + 12 = -4*p. Let m(q) = 5*q**2 + 7*q - 25. Let i(n) = -n**2 - 2*n + 6. Let r(d) = p*i(d) - 2*m(d). Determine r(4).
-4
Let c(y) = y**3 + 4*y**2 + 4*y + 2. Suppose 5*x - d = d - 6, -x + 2 = -2*d. Calculate c(x).
2
Let f(d) = d**2 - 8*d. Let y be f(8). Let q be (0/(-1) + y)*1. Let b(j) = -j**3 - j**2 - j - 2. Determine b(q).
-2
Let s(v) = 2 - 10*v + 2*v**2 + 4 - v**2 + 2*v. Calculate s(8).
6
Suppose -6*u = -3*u - 5*c + 3, 0 = u + c + 1. Let w = 1 - u. Let a(l) = 4 - w*l - l - 3. Give a(1).
-2
Let l be (4 - 1)*(-60)/18. Let z be 1*l/(2 + 0). Let x(c) = 4*c + 8. Let g(u) = u. Let w(r) = z*g(r) + x(r). What is w(4)?
4
Let g(k) = -2*k - 3. Let p(f) = -1. Let c(d) = g(d) - 6*p(d). Determine c(5).
-7
Let k(d) = 6*d + 1. Suppose 3*a - 4*a - 5 = g, 2*a = 4*g + 20. Suppose a*l = -l + 2. Suppose -l*r - 3 = -1. Give k(r).
-5
Let c be (-4)/(-6) - (44/12 - 3). Let s(i) = i**3 - 11. Give s(c).
-11
Let w(y) be the second derivative of -1/12*y**4 - y - 5/6*y**3 + 1/2*y**2 + 0. Give w(-4).
5
Let p(j) be the first derivative of -j**2/2 + 7*j + 9. Determine p(0).
7
Let n(a) = 2*a**2 + 8*a + 4. Let i be (2/2 - 2) + 4. Let g(v) = -4*v**2 - 17*v - 4 - 1 - 3. Let c(j) = i*g(j) + 7*n(j). What is c(-3)?
7
Let c(h) = -13*h**3 + 3*h**2 - 4. Let k(d) be the first derivative of d**4/4 - d**3/3 + d - 3. Let m(v) = c(v) + 4*k(v). Calculate m(-1).
8
Let m be 6/(-1 + (-9)/(-3)). Let q(n) = -n**2 + 6*n + 4. Calculate q(m).
13
Let x(v) = v - 4. Let t(h) = 3*h - 15. Let l be t(5). Give x(l).
-4
Suppose -4*j = -0*j - 8. Let x(k) = 5*k**2 - 20. Let f(o) = o**2 - 4. Let q(s) = j*x(s) - 11*f(s). Calculate q(3).
-5
Let t be 2/8 + 11/4. Let h be 5/(-3) + (-1)/t. Let q(j) = -2*j**2 + 6*j + 7. Let g(y) = -2*y**2 + 5*y + 6. Let d(l) = 6*g(l) - 5*q(l). What is d(h)?
-7
Let w(q) be the first derivative of q**3/3 + q**2 + 4*q - 1. Suppose 7*h - 18 = 4*h. Suppose 6 = h*x - 8*x. Give w(x).
7
Let l(j) be the first derivative of -4/3*j**3 + 1/4*j**4 + 1 - 3*j**2 + 5*j. Determine l(5).
0
Suppose -4*r = -3*c - 3, 5*c - 27 = -4*r - 0*r. Let m(z) = -z**3 + 3*z**2 - 3*z - 1. Calculate m(c).
-10
Suppose -4*i - 10 = -9*i. Suppose 27 = o + 2*o + 5*p, o - 3*p = -5. Suppose -i*x - 3*y = 9 - 1, 3*y = -x - o. Let r(z) = z**2 + 4*z - 1. Calculate r(x).
-1
Let h be (-4)/10 - 8/5. Let j(t) = 4*t**3 + 4*t**2 + 3*t + 2. What is j(h)?
-20
Let i(l) = -11*l - l**2 - 12 + 21 + 4*l. Give i(-9).
-9
Let r(f) = 2*f - 3. Let x be r(-2). Let j(a) = -a**3 - 7*a**2 - 3*a. What is j(x)?
21
Let t(b) be the second derivative of b**5/20 + 2*b**4/3 - 3*b**2 - 2*b. Calculate t(-8).
-6
Let o = 38 - 33. Let g(w) = w**3 - 4*w**2 - 8*w + 7. Give g(o).
-8
Let k(i) = -2*i + 0*i - 4 + 0 + 2. Let t(s) = -s - 11. Let h be t(-7). Calculate k(h).
6
Let z(m) = m**2 + m - 1. Let s = -5 + 10. Let d(f) = 6*f**2 + 6*f - 9. Let u(j) = s*z(j) - d(j). Determine u(0).
4
Let a be 8/10 - (-6 + (-42)/(-15)). Let w(s) = -7*s**2 + 5*s - 4. Let y(u) = -20*u**2 + 15*u - 12. Let m(p) = 17*w(p) - 6*y(p). Give m(a).
0
Let c(d) = -d**3 - 3*d**2 + d - 1. Suppose -g + 0*g = -3*r - 10, 2*g + 5*r = -24. Let w be (-1)/(3/(g - -14)). Give c(w).
11
Let g(s) = -4*s**2 + 2*s + 2. Let j = -4 + 6. Determine g(j).
-10
Let r(t) = t**2 - 3*t - 2. Let z(h) = -3*h**2 + 6*h + 4. Let f(q) = 5*r(q) + 2*z(q). Calculate f(-5).
-12
Let y(p) = -5*p**3 - 11*p**2 - 7. Let g(z) = -z**3 - z**2 - z - 1. Let c(u) = 6*g(u) - y(u). Let k(l) = 2 - 5*l + 1 - 4. Let b be k(-1). Determine c(b).
-7
Let v(x) = -x - 4. Let h be v(-6). Let w(i) be the first derivative of -2 + 2*i - 1/2*i**h. Calculate w(-3).
5
Let v(a) = 3*a - a - a - 5. Let r be v(6). Let b be 3 - (0 + r/(-1)). Let k(d) = d**2 - 7*d + 6. Calculate k(b).
-6
Let l(r) = -r + 6. Let m be -3 - (-4 + (-10 - -4)). Determine l(m).
-1
Let n(v) = -v**3 + 7*v**2 + 11*v - 8. Let p(q) = -q**2 - q + 1. Let y(u) = n(u) + 3*p(u). Let o(r) = -r**3 + 5*r**2 - 3*r + 1. Let m be o(4). Calculate y(m).
10
Let p be 2/(-1 - (0 - 3)). Let z(k) be the third derivative of k**6/120 + k**2. Determine z(p).
1
Let v(r) = r**2 - 2*r - 1. Let c(k) = -k**2 + 2*k + 11. Let d be c(4). Give v(d).
2
Let z(o) = -o**2 + 3*o + 12. Let k be z(5). Suppose 3*u = 2*j - 19, -k*u - 3*j - 9 = u. Let m(s) = -s**2 - 5*s. Determine m(u).
0
Let w(l) = l**3 + 3*l**2 + 2. Let q be 6/(-21) + (-68)/7. Let r = -3 - q. Let p be (-19)/r + (-2)/7. Give w(p).
2
Let l be 18/(-4)*(-4)/3. Let g(t) = -t**2 + 7*t - 1. Let v be g(l). Let n(b) = b**2 - 7*b - 3. Give n(v).
-13
Let h(r) = -r**3 - 3*r**2 - 2. Let a be h(-3). Let y be 40/12*(-3)/a. Let i(q) = q**3 - 6*q**2 + 4*q - 4. What is i(y)?
-9
Let p(g) = g**2. Let q(l) = -l - 1. Let c(h) = 4*p(h) - 3*q(h). Calculate c(-2).
13
Let p(b) be the first derivative of -5*b**3/3 + b**2 - b - 4. Determine p(1).
-4
Let u(y) = 3*y**2 - 7*y - 6. Let o(q) = -q**2 + 4*q + 3. Let x(w) = -5*o(w) - 2*u(w). What is x(-4)?
5
Let r(p) = -p**2 + p + 5. Let o be r(3). Let n(f) = 4*f**3 + 4*f**2 - 6*f + 5. Let m(u) = u**2 